56
-8e9cec (base 15) to base 11
-3936826
What is b3b02 (base 13) in base 11?
200434
Convert 24543 (base 8) to base 12.
616b
-39094a (base 11) to base 6
-21112053
What is 6bac23 (base 13) in base 2?
1001110010011101000100
Convert 10020121121 (base 3) to base 8.
174577
Convert -22200101012021 (base 3) to base 16.
-466486
120310423 (base 5) to base 10
556988
Convert -1010101212210 (base 3) to base 6.
-20454250
What is -12402283 (base 9) in base 8?
-27152236
Convert -1345025 (base 9) to base 5.
-142113000
What is -8e9ea (base 16) in base 3?
-1002200022221
-3101612 (base 7) to base 13
-cc794
What is 12120012000211 (base 3) in base 7?
34061263
Convert -8e5be (base 16) to base 13.
-175540
-2020200211220 (base 3) to base 10
-1194720
624546 (base 7) to base 2
11010001100011111
-58048 (base 12) to base 9
-188232
-101000100001000 (base 2) to base 10
-20744
What is -25412 (base 13) in base 8?
-206276
What is -14120617 (base 8) in base 15?
-42e4c7
-832a9 (base 11) to base 4
-131222022
-141243 (base 10) to base 9
-234666
What is -10222323030 (base 4) in base 3?
-2022012120000
Convert -1183367 (base 10) to base 14.
-22b383
-43450c (base 13) to base 3
-2222022001001
Convert 2734047 (base 10) to base 13.
7495a4
cc79eb (base 15) to base 7
145560422
What is 2422425 (base 6) in base 4?
133021301
44344024 (base 5) to base 10
387389
What is -54a15 (base 12) in base 9?
-180628
What is 31322230022 (base 4) in base 3?
20212100110222
Convert -79b54 (base 12) to base 13.
-58b88
What is 10534053 (base 6) in base 16?
4f011
Convert 21e421 (base 15) to base 12.
660104
Convert -16d5a3 (base 15) to base 14.
-20bc6a
Convert 2130323332 (base 5) to base 12.
1630806
Convert -631420 (base 11) to base 4.
-3313011202
What is -32243122 (base 6) in base 3?
-1210111101212
What is -1c7e8 (base 15) in base 16?
-16af6
What is 62742 (base 14) in base 13?
840a8
Convert -342101330 (base 5) to base 16.
-172d75
What is -3030203112 (base 4) in base 7?
-10056462
-4535624 (base 7) to base 11
-355701
Convert -20252150 (base 8) to base 3.
-22001112001011
What is -3d39a0 (base 16) in base 3?
-21112212001012
What is 10011011000110000011110 (base 2) in base 12?
185107a
-1010010010110000010 (base 2) to base 5
-41243112
What is 25553453 (base 6) in base 3?
1120122100120
Convert 1001000101010101001110 (base 2) to base 13.
654a72
-8c41 (base 14) to base 3
-1020102021
1010110000111001110000 (base 2) to base 14
536492
Convert 2010011201221 (base 3) to base 7.
12365002
Convert 1100001100100100111 (base 2) to base 15.
7d63a
Convert -477782 (base 12) to base 14.
-22061c
Convert 148254 (base 9) to base 3.
11122021211
Convert -181660 (base 9) to base 8.
-334246
Convert -1136344 (base 11) to base 16.
-1e49a4
Convert 3121102220 (base 4) to base 14.
1924d2
What is 4423a (base 11) in base 8?
175255
What is 11110111011101001000110 (base 2) in base 16?
7bba46
What is 5960 (base 16) in base 9?
34342
What is -289a2d (base 15) in base 9?
-3611627
Convert -31426556 (base 7) to base 6.
-133023032
What is -46403 (base 10) in base 13?
-18176
Convert -207b0 (base 12) to base 14.
-1175a
Convert 114a135 (base 11) to base 7.
23016306
What is -61dc35 (base 15) in base 16?
-4701bc
Convert 202122020100 (base 3) to base 16.
632d0
What is 3a94629 (base 11) in base 4?
122330120003
1942 (base 15) to base 8
12526
Convert 425515545 (base 6) to base 13.
1745ba3
What is 77729 (base 15) in base 14?
9c4b4
What is -54eb5 (base 16) in base 9?
-580116
-34c02b (base 15) to base 12
-a17012
-ba61 (base 12) to base 7
-113554
Convert 338719 (base 13) to base 12.
4a9087
2288 (base 14) to base 7
23331
Convert -15693 (base 13) to base 11.
-28622
What is -8e16a (base 15) in base 4?
-1232133133
Convert -2714864 (base 9) to base 14.
-2a99a0
What is -271527 (base 8) in base 11?
-65471
11212313021 (base 4) to base 5
334014042
What is 4243215 (base 6) in base 4?
302303123
-51018 (base 9) to base 3
-1201000122
Convert 2344145 (base 7) to base 12.
1238b5
What is 1312031130 (base 4) in base 11?
300861
101010000001110111100011 (base 2) to base 15
e79784
Convert -103003021210 (base 4) to base 5.
-2234244021
-8859635 (base 10) to base 11
-5001414
Convert -1014321 (base 7) to base 14.
-32448
What is -b1612 (base 12) in base 14?
-6010a
92a60 (base 13) to base 9
441046
Convert 2a6a7a (base 12) to base 6.
23211034
Convert 3130242411 (base 5) to base 8.
30612451
-201a57b (base 12) to base 4
-112323132233
Convert -2231133123 (base 4) to base 5.
-140214434
Convert -2111010202 (base 3) to base 9.
-74122
-211182 (base 11) to base 2
-1010010100101101101
What is 4453041 (base 6) in base 12?
aa181
39618 (base 16) to base 15
4998c
What is -22120021202 (base 3) in base 10?
-168608
What is -14d785 (base 15) in base 3?
-1220011221222
1a5483 (base 13) to base 9
1228217
-21123202 (base 4) to base 6
-454454
What is 10102222211 (base 3) in base 16?
108d0
-152701 (base 11) to base 14
-62914
What is -1255461 (base 7) in base 4?
-220111212
Convert -2132223114 (base 5) to base 16.
-45bd29
Convert 250553 (base 7) to base 11.
3153a
Convert -57921 (base 11) to base 7.
-465555
What is 12202032 (base 5) in base 14?
30340
Convert -24321324 (base 5) to base 9.
-378838
Convert 2079907 (base 13) to base 6.
551352514
Convert 2202201222012 (base 3) to base 8.
5471174
What is -214608 (base 13) in base 6?
-24423313
What is 332324 (base 6) in base 11?
19958
What is 2092212 (base 11) in base 4?
32001321300
Convert -116372 (base 10) to base 12.
-57418
Convert -113410141 (base 6) to base 4.
-20020200031
What is -2b8cc7 (base 16) in base 14?
-544195
Convert 12102101111 (base 3) to base 8.
320335
84b0b6 (base 12) to base 16
1feeca
What is -3325224 (base 6) in base 12?
-80814
Convert 52305155 (base 6) to base 15.
1ee94b
Convert 442432020 (base 5) to base 11.
10a220a
31232233 (base 5) to base 11
167199
2120100022122 (base 3) to base 5
322134141
Convert -11010110010010101 (base 2) to base 15.
-22797
Convert -b99b3 (base 12) to base 2.
-111011110101010111
-2034689 (base 11) to base 4
-31231033220
Convert 1a39427 (base 11) to base 3.
20110200201100
What is 77170 (base 10) in base 16?
12d72
55758 (base 11) to base 3
11002210111
-15205504 (base 8) to base 5
-1342220132
What is 1213310544 (base 6) in base 3?
222010021001201
What is -300014301 (base 5) in base 7?
-12654022
Convert -11223000031 (base 4) to base 2.
-101101011000000001101
-240024043 (base 5) to base 4
-10023131203
What is 10001011101001010110000 (base 2) in base 13?
c42a5b
-1222013033 (base 4) to base 3
-211002012202
What is -223309 (base 10) in base 8?
-664115
201033312 (base 4) to base 6
2530250
What is 327445 (base 12) in base 15?
10c398
Convert 53c509 (base 13) to base 8.
7406326
-111100101000100111 (base 2) to base 5
-30421414
Convert 187729 (base 10) to base 13.
675a9
101001011011100111 (base 2) to base 5
20412303
Convert -a8655 (base 14) to base 4.
-1203131003
11000011111000011010000 (base 2) to base 15
86bc45
Convert -10ba23 (base 13) to base 7.
-3242646
Convert 21004140 (base 5) to base 8.
520604
c012 (base 13) to base 14
9883
Convert 1b5dc9 (base 14) to base 11.
607a11
-625510 (base 7) to base 15
-21d41
Convert -42a144 (base 12) to base 9.
-1876167
-81672 (base 9) to base 4
-31020020
What is 1300211030 (base 4) in base 10?
461132
What is 188339 (base 13) in base 6?
21124412
-330010340 (base 5) to base 11
-881094
What is 68a427 (base 11) in base 9?
2052134
Convert -2207e (base 15) to base 3.
-12111022102
Convert -2b403 (base 13) to base 9.
-134385
Convert 31335330 (base 6) to base 9.
1643880
-11459507 (base 10) to base 12
-3a077ab
-2663682 (base 12) to base 16
-73e602
Convert 2008ff (base 16) to base 9.
3848817
424f0 (base 16) to base 6
5453224
Convert a2527 (base 13) to base 4.
1013001002
1211134230 (base 5) to base 13
782a52
Convert 4213013 (base 5) to base 3.
10112200122
What is -6818 (base 11) in base 14?
-33ad
Convert 100111001101011110 (base 2) to base 6.
3235314
Convert -156324 (base 8) to base 14.
-16860
What is -386283 (base 10) in base 8?
-1362353
240802 (base 11) to base 5
44203021
What is 470814 (base 9) in base 8?
1050240
What is -21201212100201 (base 3) in base 2?
-1111101011101011110101
13b5e (base 15) to base 10
63314
30233310 (base 4) to base 10
52212
Convert -133143210 (base 5) to base 2.
-10100101100000101010
What is 5